 -4*l - 4*a - 22 + 690 = 0. Let z = l + -79. Suppose 4*x + 8 = 0, -m + x = -6 - z. What is the units digit of m?
3
Let z(i) be the first derivative of -i**4/4 + 16*i**3/3 + 17*i**2 - 25*i + 112. What is the units digit of z(17)?
4
Let s = -273 + 278. Suppose -4*t + 703 = m, 2*m = 7*m - 3*t - 3400. Suppose -5*r + m = 3*b, -b = -s*r + 4*b + 675. What is the tens digit of r?
3
Let b = -16 - -21. Suppose 7 + b = -4*t - 4*h, 0 = -2*h - 6. Suppose -g + 2*p = 6*p - 108, -3*g + 4*p + 388 = t. What is the tens digit of g?
2
Let q(u) = -25*u - 12. Let n be q(-1). Suppose -6*o + n*o - 959 = 0. What is the hundreds digit of o?
1
Suppose 69 = -5*d + 89. Suppose 546 = -d*i + 10*i. What is the units digit of i?
1
Let m be (2578/18 - -1) + (-20)/90. Suppose -x = -0*x - o - m, 153 = x + 2*o. Suppose -5*d + x + 448 = 0. What is the hundreds digit of d?
1
Let k = -2593 - -4364. What is the units digit of -10*(k/(-35) - 3)?
6
Let f be ((-3)/1 - -11)*2/4. Suppose 4*i = -f*z - 36, -4*i + z - 5 = -3*i. What is the units digit of (176 - i)/(3/2)?
2
Let g(m) = 4*m**3 - 7*m**2 - 17*m + 32. Let j(f) = f**3 - 2*f**2 - 4*f + 8. Let b(r) = 6*g(r) - 22*j(r). What is the units digit of b(6)?
6
Let v be 8*((-1527)/(-2))/3. Suppose i = -4*d + 3584, 2*d - 3*i + 244 - v = 0. What is the tens digit of d?
9
Suppose 103 = -6*o - 317. Let w = o + 82. Suppose -1886 = -w*j + 430. What is the tens digit of j?
9
Let u = -24 - -26. Suppose 4*z + 217 = 5*o, -3*z = -u*o + o + 39. Let k = 239 - o. What is the hundreds digit of k?
1
Let k(o) = -831*o + 1363. What is the thousands digit of k(-23)?
0
Let h(c) = c**2 - 14*c - 48. Let u = 281 + -286. What is the units digit of h(u)?
7
Let w = -741 + 1101. Let s = w - 121. What is the hundreds digit of s?
2
Suppose 15 = 5*r, 99*r - 16 = x + 95*r. Suppose 2*u - 4*q = -9 - 17, 0 = 2*u - 5*q + 31. What is the tens digit of 48*u/12*x?
4
Suppose 12*v - 140469 = 24098 - 31547. What is the tens digit of v?
8
Suppose -16 - 29 = -5*f. Let p be -3 + (-2 - -1) + f. Suppose 4*a - u = 225, -5*a - p*u + 300 = -0*u. What is the tens digit of a?
5
Suppose 4*y + 180 - 220 = 0. Let r(q) = 8*q**2 - 43*q - 11. What is the units digit of r(y)?
9
What is the hundreds digit of (-11 + 3 + 100/12)*52377?
4
Let v = -30 - -27. What is the hundreds digit of (-1)/(-2*v/(-1626))?
2
Let w(a) be the third derivative of -11*a**5/60 - a**4/12 + 3*a**3/2 + 17*a**2. Let r be w(-4). Let m = r - -329. What is the units digit of m?
0
Let c = 69 + -26. Let z = c - -13. What is the tens digit of z?
5
Let k(z) be the third derivative of -z**6/120 + 3*z**5/10 + 19*z**4/24 + z**3/3 + 10*z**2. Let y be k(19). What is the units digit of (y - (-8)/(-7))/(10/1610)?
8
Let j(c) = -14*c**3 + 11*c - 4*c**2 + 15 - 6*c - 3*c + 6*c. What is the tens digit of j(-3)?
3
Let r(z) be the first derivative of -2*z**2 + 18*z - 2. Let s be r(4). Suppose 3*h - 5*f - 311 = 0, 426 = 4*h - 3*f + s*f. What is the tens digit of h?
0
Let f(v) be the second derivative of -v**5/20 - 4*v**4/3 + 3*v**3 + 21*v**2/2 - 18*v. Let z be f(-17). What is the tens digit of (-58)/(-3) + -1 - z/12?
1
Let c be -6*8/12 - -35 - -2. Suppose 9*t - c = 30. What is the units digit of (-46)/(-7) - t - 507/(-7)?
2
Let o = 28 + -23. Suppose -1270 = -4*i + 3*s, 20*s - 1603 = -o*i + 16*s. What is the hundreds digit of i?
3
Let l = 13 - -48. Let g be 10/(-5)*((-9)/(-2) + 2). Let p = l + g. What is the units digit of p?
8
Let s(h) = 15*h**3 - 155*h**2 - 9*h + 12. What is the units digit of s(18)?
0
Suppose 3*w = -l + 7647, 4*l - 7*w + 2*w = 30656. What is the hundreds digit of l?
6
Let j = 90913 - 60043. What is the units digit of j?
0
Let p = 15495 + -10503. What is the hundreds digit of p?
9
Let i be 40/12 + 2/3. Suppose -445 = -6*b - 421. Suppose f = 3*j - i*f - 357, 5*f - 511 = -b*j. What is the tens digit of j?
2
What is the ten thousands digit of ((-108)/(-78))/9 - (921950/(-65) + 3)?
1
Let g(f) = f**2 + 8*f + 14. Let i be g(8). Let d = i + 206. What is the units digit of d?
8
What is the tens digit of (-562)/(((-26)/1443)/((-2)/(-6)))?
9
Let r(p) = -58*p - 169. Let y be r(5). What is the hundreds digit of 4405/17 - (-54)/y?
2
Let b be 4/18 + (-4400)/(-45). Suppose 2*o + 106 = -4*t, 0*o - 4*t + b = -2*o. Let u = 56 + o. What is the units digit of u?
5
Let y(a) = 95*a + 17. Let u be y(8). Suppose 17*x = 18*x - u. What is the units digit of x?
7
Suppose 4*g = -4*r, 0 = -4*g + 6*g + 3*r. Suppose t + t + 2 = 0, g = 3*k - 3*t - 984. What is the tens digit of k?
2
What is the ten thousands digit of (((-13)/(-130))/((-2)/32855))/((-13)/364)?
4
Let g(m) = -37*m - 557. What is the tens digit of g(-57)?
5
Let c(k) = 310*k - 2253. What is the thousands digit of c(11)?
1
Suppose 115*f = 2976016 - 3030236 + 6449830. What is the units digit of f?
4
Suppose 2*f + a + 4 = 28, 23 = f - 5*a. Let p = f + -20. Let g(v) = -10*v - 6. What is the units digit of g(p)?
4
Let b(j) = -j**3 + 46*j**2 + 15*j - 112. What is the units digit of b(26)?
8
Let r = -41 - -45. Let p be -94*(-2)/r + -3. Suppose 3*q = 322 + p. What is the units digit of q?
2
Suppose 2193*b - 2197*b - 2*s + 3622 = 0, -b + 922 = -5*s. What is the units digit of b?
7
Let m(y) = -y**2 + 3*y + 19*y + 13*y - 16 - 43. What is the units digit of m(32)?
7
Let c = -8501 - -15796. What is the hundreds digit of c?
2
Let o = 16028 + -8854. What is the units digit of o?
4
Let i(v) = 2*v + 13*v**2 - 30 + 40 - 19. What is the units digit of i(-6)?
7
Let k(r) = -3*r**2 + 8*r - 2. Let d(a) = -10*a + 63. Let s be d(6). Let o be k(s). What is the tens digit of (366/o)/((-3)/10)?
4
Let f(m) = -12*m**3 - 9*m**2 - 29*m + 3. What is the hundreds digit of f(-6)?
4
Suppose -144 = 7*r + 9*r. Let v be 3/4 + 0 + r/12. What is the tens digit of -4 + (v - -69 - -2)?
6
Let x = 1509 + 731. What is the units digit of x?
0
What is the tens digit of (345/(-115))/(1/2) + 2 + 2360?
5
Let c = 9925 - -9026. What is the hundreds digit of c?
9
Let q = 248 - 246. Suppose -48 = 3*z + 2*a - 314, 0 = 4*z - q*a - 364. What is the tens digit of z?
9
Let p = 20837 + -12294. What is the tens digit of p?
4
What is the tens digit of 26 + 3857/(-145) + 3/((-15)/(-162038))?
0
Let j = -30 + 24. Let x be 138/18*6/(-4)*j. Let z = 73 - x. What is the units digit of z?
4
Let f = -10 - -30. Let d(z) = 3*z**2 - 36*z - 49. What is the tens digit of d(f)?
3
Let g(x) be the second derivative of 25*x**3/6 + 27*x**2/2 + 2*x + 13. What is the hundreds digit of g(6)?
1
Let q(d) = 80*d - 6. Suppose -3*s - 169 = -175. What is the hundreds digit of q(s)?
1
Let p = 460 + -756. Let q = -118 - p. What is the tens digit of q?
7
Suppose -11*n + 10*n = -3, -3*z + 3024 = n. What is the tens digit of z?
0
Let z(u) = -u**3 - 9*u**2 - 3*u + 15. Let a be z(-10). What is the units digit of a - 5/(25/(-20))?
9
What is the hundreds digit of ((-38)/(-133) - 20/21) + (-1104155)/(-39)?
3
Suppose -3*k - 49 = 2*g - 7*g, -10 = -2*g - 2*k. Let x be g/(-4)*(-25 - -3). Suppose 5*a + 348 = 3*y, 2*y + 3*a - 276 = -x. What is the hundreds digit of y?
1
Let y = -9 - -29. Suppose 0*z + 2*u = 5*z - y, -3*z - u = -12. What is the units digit of 407/9 + z/(-18)?
5
Let s = -47 + -20. Suppose t - 9 = 102. Let r = t + s. What is the units digit of r?
4
Let n be ((-4 + 4)/(-1))/(-4). Suppose n = 5*j + r - 3569, r = -0*r - 1. Suppose -183 = -13*i + j. What is the units digit of i?
9
Suppose -61 + 7 = -3*i. Suppose -h + i = -4*u, -2*u + 0*u - h = 6. What is the units digit of ((-6)/u)/((-48)/(-1280))?
0
Suppose 5 = -5*o - 0*o + v, -3*v - 17 = o. What is the units digit of (-290 - o)*2/((-20)/5)?
4
Let c(b) = b**2 + 4*b + 16. Suppose 0 = -3*s - 0*z - 2*z - 15, 0 = 3*s - 2*z + 15. Let m be c(s). Suppose m*f - 150 = 16*f. What is the units digit of f?
0
Let i be (-6560)/(-45) + (-4)/(-18). Let x = 263 - i. Suppose 0 = -2*n + n + x. What is the hundreds digit of n?
1
Let s be (-5 - -8 - (-2 - -6))*-97. Suppose -101*n + s*n + 80 = 0. What is the tens digit of n?
2
Let p = 52296 + -9187. What is the thousands digit of p?
3
Let c = 15 - 17. Let j(b) = b + 4. Let y be j(c). What is the tens digit of (5/y)/((-1)/(-14))?
3
Let b(j) = 2*j**2 + 67*j - 54. Let k be b(-30). Let v = 146 - k. What is the tens digit of v?
1
Let f(i) = -i**2 - 7*i - 36. Let m(o) = -o**2 - 7*o - 37. Let j(s) = -2*f(s) + 3*m(s). L